Let n be y(-2). Let d be (1 - -3 - -2) + 0. Suppose -4*z + 39 = 3*u - n, -d = 3*u. What are the prime factors of z?
13
What are the prime factors of (-5 + 1 + -52)*-4?
2, 7
Let f be (9/(-12) + 2)*4. Suppose 5 = f*b - 10. What are the prime factors of b?
3
Suppose q = o - q, 3*o - 9 = -3*q. Suppose 3*g - r = -o*r + 14, -2 = -r. What are the prime factors of g?
2
Suppose 4*w = 3*a - 12, 2*a - 4*a - 4*w = 12. Suppose 4*r - 20 = 4*t, a*t + 5 = 5*r + 5*t. List the prime factors of -22*(21/(-6) + r).
11
Let a(q) be the second derivative of q**4/12 - q**3/6 + q**2 + 2*q. Let o(u) = -u**2 + 7*u - 6. Let w be o(6). What are the prime factors of a(w)?
2
Let i(x) = 58*x**2 + 3*x - 3. List the prime factors of i(1).
2, 29
Let y be (-2)/3*(-6 - -3). Suppose -5*r - 13 = -2*a, 24 = 7*a - y*a - 4*r. List the prime factors of a.
2
Suppose 2 = 5*d + 12. Let s(w) = -w**3 + 4*w**2 + 2*w - 2. List the prime factors of s(d).
2, 3
Let m be 3/(-6)*-2 + 2. Suppose -32 = -4*v + 4*k + k, -m*k - 8 = -v. List the prime factors of v.
2
Suppose -4 = -3*d + 11. Suppose d*x - 4 = 11. What are the prime factors of x?
3
Let c(t) = -13*t**3 - 1. Let q be c(-1). Let h = q - -4. List the prime factors of h.
2
Suppose 2*q - 2*m - 2*m - 26 = 0, -2*m = 10. What are the prime factors of q?
3
Let b(h) = 3 - 9*h + 8*h + 6. Let n(p) = p**3 + 3*p**2 - 5*p - 4. Let d be n(-4). What are the prime factors of b(d)?
3
What are the prime factors of 3425/45 - 2/18?
2, 19
Suppose -4*c + 3*c + 4 = 0, 3*c + 368 = 5*g. What are the prime factors of g?
2, 19
Let n(v) = -v + 5 - 5*v - v**2 - 4*v. Suppose 18 = -4*q + 2*q. What are the prime factors of n(q)?
2, 7
Let x = -15 - -4. Let b be (-2)/(-4) - 15/6. List the prime factors of x/2*(b + 0).
11
Let c(p) = -3*p**3 - p**2 - 3*p - 1. Let u(g) = -g**3 - g**2. Let t be u(1). Let d be c(t). List the prime factors of 16/10*d/10.
2
Suppose -r + 7 + 1 = 0. Let l = 5 - r. Let t = 5 + l. What are the prime factors of t?
2
Suppose 20*j - 16*j + 284 = 0. Let c = j - -117. List the prime factors of c.
2, 23
Let k(r) = r**2 + 7*r - 1. Suppose 6*w - 2*w - 3*g - 12 = 0, -2*g = 0. Let j be (-3)/9 + (-23)/w. What are the prime factors of k(j)?
7
Let o(k) = -k**3 - 13*k**2 - 2*k + 16. Let l be o(-13). Let n be 1/(-7) + 216/l. Suppose -c + 13 = n. What are the prime factors of c?
2
Let l(j) = j**2 + j + 2. Let b be l(-2). Suppose b*n - 4 = 12. Suppose -5*x + n*g = -28, -x + 4 = -3*g - 6. List the prime factors of x.
2
Let b = -109 + 240. What are the prime factors of b?
131
What are the prime factors of ((-57)/(-3))/(3/12)?
2, 19
Let d(k) = -k + 9. Let j be d(4). Let r(c) = c**2 + 5*c - 4. Let n be r(-6). Let o = j - n. List the prime factors of o.
3
Let u = -32 + 66. List the prime factors of u.
2, 17
Let f(w) = w**2 + 3*w - 3. Let r be f(-4). Suppose z - 7 - r = 0. What are the prime factors of z?
2
Suppose -2*l + 6*l + 24 = 0. Let r = 12 + l. List the prime factors of r.
2, 3
Let l(c) = 18*c**3 + c**2 - 7*c + 11. List the prime factors of l(2).
5, 29
Let g(m) = 8*m - 9. What are the prime factors of g(3)?
3, 5
Let v(d) = -d**2 - 3*d + 2. Let r be v(-3). Suppose -4*j + 2*u + 98 = 0, 2*u + 0 + 2 = 0. Suppose -i + j = r*i. List the prime factors of i.
2
Suppose 0 = -d - 4*n + 96, -4*n + 264 + 64 = 3*d. List the prime factors of d.
2, 29
Suppose 2*m + 2*x = -m + 5, 2*m = 2*x + 10. List the prime factors of m.
3
Suppose 4*f + 130 - 382 = 0. Suppose i - f = 3*v, 4*v + 70 - 5 = -5*i. What are the prime factors of 6/(-4)*v/6?
5
List the prime factors of (-9)/(-18) + (-135)/(-2).
2, 17
Let s be (-2)/3 + 536/(-6). Let k be (5 + -6)/(2/s). Suppose 3*v = 3*z - k, -3*v + 0*v + 6 = 0. What are the prime factors of z?
17
Suppose 0 = 5*d - 78 - 177. What are the prime factors of d?
3, 17
Let j be -1 - 14 - 0/4. Let b = -11 + 37. Let v = j + b. What are the prime factors of v?
11
Suppose -122 = 2*b - b. Let a be (-4)/(-18) + b/(-18). Suppose -2*q = -a - 3. What are the prime factors of q?
5
Let s(d) = d**3 - 7*d**2 - 9*d + 2. What are the prime factors of s(9)?
83
Let c(v) = 2*v**2 - 2*v + 3. Let y be 2/(-7) + 16/7. Let q be c(y). Suppose w + 40 = 2*b, -3*w = 3*b + q - 67. List the prime factors of b.
2, 5
Let n(l) = -1 + 6 + 5*l - 4 - 2. Let z be n(-1). Let d = 13 + z. List the prime factors of d.
7
List the prime factors of -6*(1 + 150/(-9)).
2, 47
Suppose 4*y - 49 = 3*m, 4*m + 15 = 4*y - 37. Suppose y*h = 5*h + 20. List the prime factors of (9/(-4))/((-1)/h).
3
Let h(i) = i**3 + 10*i**2 - 14*i - 1. What are the prime factors of h(-11)?
2
Suppose -226 = 4*f + 374. List the prime factors of f/(-14) + 22/77.
11
Let l(c) = -c**3 - c**2 - c + 7. Let k be l(0). Suppose -i = -q + 6, 0 = 3*q - 4*i - 14 - 8. Suppose -k = -q*u - 1. What are the prime factors of u?
3
What are the prime factors of 38/(-1 - (1 - 4))?
19
Let z = -7 - -7. List the prime factors of z/(-2) + (37 - 2).
5, 7
Suppose 8 = 4*v, -2*v = -5*p - v + 258. Suppose i - p = -i. Suppose -4*d + 18 = 2*m, 1 - i = -2*m + 3*d. List the prime factors of m.
11
Let c(l) = -43*l**3 - 2*l - 1. Let z be c(-1). Let t be (-1548)/z + 4/22. What are the prime factors of (84/t)/(6/(-40))?
2
What are the prime factors of (1 - 0) + (7 - -9)?
17
Let o(w) = 7*w**3 + 2*w**2 - 2*w - 2. List the prime factors of o(2).
2, 29
Let o(r) = -2*r**3 - 5*r**2 - 2*r - 3. Let g be o(-2). Let p(j) = -3*j**2 + 8*j - 7. Let s be p(5). What are the prime factors of s/(-4) + g/(-6)?
11
Suppose -6 = -4*l + 2*n, 5*n - 5 + 26 = 4*l. Let m = l - 1. Let y = m - -4. What are the prime factors of y?
2
Let z be 38/6 + 2/(-6). List the prime factors of (-2)/z + 553/21.
2, 13
Let b = 39 + -27. Let p be (4/b)/((-2)/(-126)). Suppose -3*y = -p - 12. What are the prime factors of y?
11
Let i be 5/2*(-32)/(-20). Suppose i*b - 102 = m + 169, -4*m + 20 = 0. Suppose 5*o - b = -29. List the prime factors of o.
2
Let i be 12*((2 - -1) + -2). Suppose 5*c - c - 1 = 5*l, -c = -l - 1. Suppose 0 = h, -h = -l*y + 18 + i. List the prime factors of y.
2, 5
Let c be (-3*11)/3*-1. Let a = c - 7. Suppose -20 = 2*p - a*p. What are the prime factors of p?
2, 5
Suppose 4*h - 1 = 19. Let y be h/(-1 - -2 - 0). Suppose y*w - 17 = -u, -2*u + 30 - 3 = 3*w. What are the prime factors of u?
2, 3
What are the prime factors of (-4)/(-10) - (-173)/5?
5, 7
Suppose -3*c = -c - 18. Suppose 5*y - c = 4*y. List the prime factors of y.
3
Let d = 71 - 50. Let t be ((-1656)/28)/((-3)/d). What are the prime factors of (-2)/8 - t/(-24)?
17
Let i = 9 - 8. Let g = i - -4. Suppose 4*t = -4*f + 80, 2*f + g*t = f + 16. List the prime factors of f.
3, 7
Let i be (-7)/(-28) + (-1610)/8. What are the prime factors of i/(-15) + (-6)/(-10)?
2, 7
List the prime factors of 0 + 33 + 6/3.
5, 7
Suppose 0 = -4*z + 10 + 26. List the prime factors of z.
3
Let o(m) = -m + 11. Let w be o(9). Let x be (w + 26/(-10))*-5. Suppose 0 = x*n - 1 - 5. List the prime factors of n.
2
Suppose -3*d + 107 = 2*d + h, 4*d - 3*h = 78. Suppose -d = -4*j + 3. What are the prime factors of (12 + 0)*3/j?
2, 3
Let p = -126 + 124. Let r(g) be the second derivative of g**4/4 - g**3/6 - g**2/2 - g. What are the prime factors of r(p)?
13
Suppose -o - 3*h = -5*o + 80, 3*o + 4*h = 85. Let a = 39 - o. List the prime factors of a.
2
Suppose 6*b = 188 + 64. List the prime factors of b.
2, 3, 7
Suppose -12 = -6*m + 2*m. Let g(y) = -y + 7. Let w be g(m). Let t(r) = 4*r. List the prime factors of t(w).
2
Suppose 4*v + 24 = f, -5*v + v = -2*f + 52. List the prime factors of f.
2, 7
Let m(i) = i**2 + i - 4. Let l be m(-3). Suppose 5*q = l*o - 41, 13 = -o + 5*q + 41. Let p = -8 + o. What are the prime factors of p?
5
Suppose -4*w - 4 = -4*c - 24, 2*c - 14 = -4*w. Let q be 1 + -1 + (9 - 2). Let f = q - w. List the prime factors of f.
3
Let j be 3 + 1 + -1 - 1. Let z be 0 - (3 + j/(-2)). What are the prime factors of 17 + 2/(z + 0)?
2
Let u = 69 - 49. Suppose -l + u = l. Suppose -2*n - 4*g - 14 = -3*n, -5*g - l = 0. List the prime factors of n.
2, 3
Suppose 0 = 2*z - 9 + 1. Let b(w) = w - 1. List the prime factors of b(z).
3
Suppose 0 = p - 20 - 7. Suppose -p = v - 0*v. List the prime factors of 6/v - 112/(-18).
2, 3
Let k = 2 + -3. Let l be k + 1 + 0 - -4. Suppose -22 = -l*z + 26. List the prime factors of z.
2, 3
Let k = 93 - 67. What are the prime factors of k?
2, 1